uppose -3*u - 3*v = -321, v = u - 4*v - 113. Suppose -k - k = -14. Suppose m - 5 = k. Calculate the highest common divisor of u and m.
12
Let w be 931/28 - (-1)/(-4). Calculate the greatest common factor of 3 and w.
3
Let z(t) = -47*t - 71. Let d be z(-3). Let w(o) = 7*o. Let b be w(2). Calculate the greatest common factor of b and d.
14
Let v be 1/(-4) + 123/12. Calculate the greatest common divisor of v and 10.
10
Suppose -5*g + 56 = 6. Calculate the greatest common divisor of g and 25.
5
Suppose -3*r = -43 - 83. What is the highest common divisor of r and 21?
21
Suppose -11 = -0*c + c. Let m = 21 + c. Suppose -2*g + 88 = 3*z, 4*g - 45 - 71 = -4*z. What is the greatest common factor of m and z?
10
Suppose -d = -0*r + r + 5, -5 = -3*d + r. Suppose d = -3*g + 8 + 7. Calculate the highest common divisor of g and 45.
5
Suppose z - 5*w - 10 = 4*z, 3*w = -15. Let k(n) = -3*n**3 - n**2. Let x be k(1). Let f be 1/x + 18/8. Calculate the greatest common divisor of z and f.
1
Suppose 0 = -646*p + 637*p + 810. Suppose -23 = -3*n + 85. What is the greatest common factor of p and n?
18
Let x(u) = 4*u - 9. Let m be x(4). Suppose 0 = 2*y + t - 22, -4*t = 4*y - m*t - 54. Calculate the greatest common divisor of y and 18.
6
Let g(h) = -h**2 - 11*h - 9. Let c be g(-6). What is the highest common divisor of 84 and c?
21
Suppose -27 - 77 = -4*x + 4*q, -4*x + 3*q + 102 = 0. Let h(y) = 3*y**2 - 4*y + 1. Let s be h(3). Calculate the highest common divisor of s and x.
8
Suppose -5*z - 3*l + 535 = 2*l, -5*l + 10 = 0. What is the greatest common divisor of z and 7?
7
Let x(u) be the first derivative of -10*u + 6*u**2 - 1/3*u**3 + 1. Let a be x(9). Calculate the greatest common factor of 51 and a.
17
Suppose -x = -3*v + 2, -1 = 5*v + x - 7. What is the greatest common factor of 4 and v?
1
Suppose 0 = m + m - 4. Suppose 0 = -5*i + 23 + 2. Suppose -i*f + 10 = 0, 3*f - 14 = -3*b - f. Calculate the greatest common factor of b and m.
2
Suppose -q = 5*h - 6*q - 115, h + 2 = -4*q. Let u = -214 + 358. Calculate the highest common divisor of h and u.
18
Suppose k + 33 + 11 = 0. Let r be (-3*k/3)/2. What is the highest common factor of 2 and r?
2
Suppose 0 = 2*k + 5*h - 54, -22 = 4*k - 3*h - 78. Suppose 0 = a + 2 - k. Let i = -35 + 65. What is the greatest common divisor of i and a?
15
Suppose 86 = 4*s + 2*h, 51 = 4*s - 2*h - 3*h. What is the highest common divisor of s and 19?
19
Let i = -3 - -6. Suppose -8 = -2*r, -55 = -j + i*r - r. Suppose -2*s + t = -j, -t + 81 = 2*s + 4*t. Calculate the highest common divisor of 22 and s.
11
Let o = 20 - 30. Let a = -1 - o. What is the greatest common divisor of 18 and a?
9
Let b be (2/5)/(1/105). Calculate the greatest common divisor of b and 6.
6
Suppose m = 4*t - 0*m - 40, -50 = -5*t - 5*m. Let w = t + -6. Calculate the greatest common factor of w and 4.
4
Let x be (4/(-4))/((-1)/18). What is the highest common factor of x and 18?
18
Let d be 0 + 4 - (-10 + 7). Calculate the highest common divisor of 1 and d.
1
Suppose 2*d + 2*d - 3*x - 16 = 0, -44 = -4*d - 4*x. What is the highest common divisor of d and 35?
7
Let r(p) = -4*p - 4*p + 9*p - 3. Let f be r(11). What is the greatest common divisor of 8 and f?
8
Suppose 3*i + 13 - 118 = 0. Suppose l - 10 = -m + 5*l, m + 2*l = 16. Suppose 2*w = 4*w - m. What is the highest common divisor of w and i?
7
Suppose 5*h - 6*s = -s - 15, h - 1 = -3*s. Let j be -2 - h*1*4. Let a = -3 - -9. Calculate the highest common factor of a and j.
6
Suppose -540 = -5*i - 3*u, 0 = -2*i - u + 92 + 124. Let j = 178 - i. Let q(t) = -10*t + 8. Let y be q(-2). Calculate the highest common factor of j and y.
14
Suppose 0 = 3*b - 34 - 2. Let t = 2 - 7. Let s(g) = -8*g - 4. Let p be s(t). What is the greatest common divisor of p and b?
12
Suppose 2*h - h + 2 = -5*y, 5*y = -3*h - 6. Let i be h*(-86)/4 - -1. What is the greatest common divisor of 11 and i?
11
Let i(u) = -u + 7. Let k be i(15). Let c(y) = y**3 + 9*y**2 + 6*y - 2. Let r be c(k). What is the greatest common factor of r and 42?
14
Let s be -27*-2*(-6)/(-12). Suppose -5*p = -0*p - 135. What is the greatest common factor of s and p?
27
Let h be -6*(5 + 0)*-1. Suppose p - 5*d + 8 = 2, 0 = -p - 5*d + 4. Let r be ((-3)/(-6))/(p/(-40)). What is the greatest common divisor of r and h?
10
Let y(z) be the first derivative of -z**3/3 - 7*z**2/2 + 10*z + 4. Let w be y(-8). Suppose 0 = -2*o + 32 + 8. What is the highest common factor of o and w?
2
Suppose -104 = 2*t + 4*j, 132 = -2*t - 2*j + 26. Let u = 32 - t. Suppose c + 16 = u. Calculate the highest common factor of 28 and c.
14
Let h be (-770)/18 + 4/(-18). Suppose 3*u - 4*w - 193 = 0, -2*u + w + 104 + 33 = 0. Let n = h + u. Calculate the greatest common divisor of n and 14.
14
Let u be (1*2)/((-14)/(-56)). Calculate the greatest common divisor of u and 16.
8
Let r(m) = -36*m**3 - 2*m**2 - 3*m - 1. Let d be r(-1). Calculate the greatest common divisor of 108 and d.
36
Let w = 165 - 120. Calculate the highest common divisor of 9 and w.
9
Suppose 0 = 6*a - 2*a - 16. Suppose a*m - 21 - 79 = 0. Calculate the highest common factor of 5 and m.
5
Let h(x) = x**2 - 4*x + 3. Let z be h(3). Let c be (0 + (z - -1))*8. Calculate the greatest common divisor of 20 and c.
4
Let k = -169 + 84. Let q = 157 + k. Calculate the highest common factor of 8 and q.
8
Let o(t) be the second derivative of 2*t**3/3 - 2*t**2 + 3*t. Let f be o(5). Calculate the greatest common divisor of f and 16.
16
Suppose 3*j - 460 = -j. Let k(a) = -17*a - 79. Let s be k(-6). What is the greatest common divisor of j and s?
23
Suppose -7*t + 4*t - 117 = 0. Let n = -23 - t. Calculate the greatest common factor of n and 2.
2
Suppose 0 = -n - 0*n + 119. What is the greatest common factor of n and 17?
17
Let n be (-1 + (-348)/(-3))*1. Calculate the greatest common factor of n and 46.
23
Suppose -5*l + 2*l + 105 = 0. What is the greatest common factor of 5 and l?
5
Suppose j - 4*p = -11 + 2, -12 = -5*j + p. Calculate the greatest common divisor of j and 9.
3
Let t = -304 + 430. What is the greatest common divisor of 14 and t?
14
Suppose 5*m = -3*q - 4, -5*m - 19 = 6. Let g(v) = -48*v**3 + 2*v**2 - 1. Let j be g(-1). Calculate the greatest common divisor of j and q.
7
Let m be (-1)/(-1 - (-195)/198). Suppose 5*o = 2*o + m. Calculate the greatest common factor of 2 and o.
2
Let g = 210 - 146. What is the greatest common factor of 24 and g?
8
Suppose -k - z + 15 = 0, -5*z + z + 8 = 0. Calculate the highest common divisor of k and 104.
13
Let m be (-1)/(2*(-1)/10). Let h = m + 1. Let g = 71 + -29. Calculate the greatest common divisor of g and h.
6
Let y(p) = p**2 + 2*p + 10. Let z be y(5). Suppose -f + 18 = f. Calculate the highest common factor of z and f.
9
Let f(s) = -5*s - 10. Let x = -29 - -24. Let b be f(x). Calculate the highest common divisor of 135 and b.
15
Let t(w) be the third derivative of w**5/60 - 11*w**4/24 - 3*w**3 + 6*w**2. Let u be t(13). Calculate the greatest common factor of 24 and u.
8
Let s(i) = 65*i**3 - 2*i**2 + 2*i - 1. Let j be s(1). Suppose 4*y = -0*y + j. What is the highest common divisor of y and 8?
8
Let d = -47 + 91. Calculate the highest common divisor of 11 and d.
11
Let z = 65 + -57. What is the greatest common factor of 56 and z?
8
Let x be ((-9)/(-3))/(2/(-6)). Let c be x*((-33)/9 - -1). Suppose -2*k - 72 = -4*k. Calculate the highest common divisor of c and k.
12
Let s be (4/6)/(2/(-3)). Let j(c) = -61*c**3 + 2*c + 1. Let a be j(s). Calculate the greatest common divisor of 24 and a.
12
Let y = -115 + 147. What is the highest common divisor of y and 40?
8
Let i = 383 - 185. What is the highest common divisor of i and 18?
18
Let x = 34 - 6. Suppose 27 = 3*t + 4*h, -4*t + 26 = -h + 3*h. Suppose -4*y - 2*n + 20 = 0, -t*y + 0*n + 30 = 5*n. What is the highest common factor of y and x?
4
Let p = 10 + 98. What is the highest common divisor of p and 27?
27
Let u be 16/(-7) + (-4)/(-14). Let h = 5 + u. Calculate the highest common divisor of h and 1.
1
Let z(b) = 5*b**2 - 4*b + 3. Let q be z(2). Suppose -5*x + 3 = -7. Suppose 4*s = x*s + 120. Calculate the greatest common divisor of q and s.
15
Let z(n) = 9*n + 4 - 2*n + 0 + n**2. Let q be (36/8 + -1)*-2. Let a be z(q). Calculate the greatest common divisor of a and 1.
1
Suppose -4